+ 5*u, -2*u - 2514 = 4*l. Let g be (-1620)/l + 3/7. Give c(g).
21
Let w(k) = 3*k**2 - 18*k + 10. Let y be (-198)/1089 + (-171)/(-33). Give w(y).
-5
Let h(b) = -8*b + b**2 + 1 + 0 - 3. Suppose -40*y + 2*z = -45*y + 26, -44 = -4*y + 10*z. Give h(y).
-14
Let u(p) be the first derivative of -p**4/4 - 6*p**3 + 19*p**2/2 + 10*p - 5009. What is u(-19)?
10
Let n(m) be the third derivative of m**5/30 + 7*m**4/12 + 5468*m**2. Calculate n(-8).
16
Let f(d) = -d**3 - d**2 + 2. Let o(j) = -j + 7. Suppose -3*p + 20 = p. Suppose -2*a - p*i = a - 1, 4*a - 44 = 4*i. Let l be o(a). What is f(l)?
2
Let f(h) be the third derivative of h**6/120 - h**5/20 - 7*h**4/24 + 2*h**3 - 16*h**2 + 2*h - 15. Determine f(5).
27
Let o(v) be the third derivative of 0 + 0*v - 50*v**2 + 1/4*v**4 + 0*v**3 + 1/60*v**5. Calculate o(-8).
16
Let o(c) = -5*c**3 + 10*c**2 - 7*c - 1. Let p(u) be the first derivative of -3*u**4/2 + 11*u**3/3 - 4*u**2 + 54. Let l(s) = 5*o(s) - 4*p(s). Calculate l(5).
5
Let f be 3 + -10 + 6/(-45) + 47/15. Let s(l) = -20*l - 79. Determine s(f).
1
Let w = 11 - 5. Let u(r) = r**3 - 1. Let s(p) = -27*p**3 - 26*p**3 - 5*p - 6*p**2 + 5 + 4*p + 55*p**3. Let v(b) = s(b) - u(b). Give v(w).
0
Let u(p) = 7 - 5 + 16668*p**3 + 14*p + 27*p**2 - 16666*p**3 + 5 + 3. Determine u(-13).
-3
Let l(x) = 179*x - 107. Let c(f) = -312*f + 214. Let b(r) = 4*c(r) + 7*l(r). What is b(-22)?
-3
Let j be 46/(-10) + 6/(-15). Let d(m) = -m**2 + 10*m - 5. Let u be d(6). Let c(x) = -3*x**2 + 9*x**3 + 9*x**3 - x - 2*x**2 - u*x**3. Determine c(j).
5
Let q(a) = -228*a + 648. Let k(i) = 43*i - 129. Let v(l) = 16*k(l) + 3*q(l). Calculate v(24).
-24
Suppose -13*t = -8*t + 3*q - 25, 0 = t - q - 5. Let j(x) be the first derivative of -t - x + 1/2*x**2. Determine j(4).
3
Let k(w) = -4*w + 5*w + 1 + 2*w**2 - 5*w. Suppose -5*f = 3*o - 13, -o + 2*f + 10 = -2*f. Suppose 2 = o*r - 16. Calculate k(r).
7
Let o(m) = 79*m - 490. Let a(s) = 119*s - 742. Let t(y) = -5*a(y) + 8*o(y). Give t(6).
12
Let s = -4 + 92. Let i be s/55 + (-2)/(-5). Let h(f) = 19*f**2 + 11*f**2 + f**3 - 32*f**i + 3*f. Give h(2).
6
Suppose 5*s - 152*x = -156*x - 51, 5*s + 3*x = -52. Let t(w) = 2*w**3 + 23*w**2 + 33*w + 229. What is t(s)?
-13
Let o(t) = 2*t + 16*t**3 - 15*t**2 - 9 - 9 - 41*t**3 - 5*t. Let p(y) = 9*y**3 + 5*y**2 + y + 6. Let u(a) = -4*o(a) - 11*p(a). Determine u(-5).
1
Let g(w) = -2*w**3 - 32*w**2 + 4*w + 68. Suppose -i + 4 = -5*x, 6 - 54 = -3*i + 24*x. Determine g(i).
4
Let q(m) = -m**3 - 4*m**2 + 7*m + 7. Suppose p + 77 = 86. Suppose -5 - 40 = p*f. Give q(f).
-3
Let v(n) = 43*n**2 + 47*n - 6. Let c(d) = 20*d**2 + 23*d - 3. Let h(b) = 11*c(b) - 5*v(b). Give h(-3).
-12
Let h(n) = -n - 13. Suppose -4*w + 3*u + 199 = 0, 0*u + 205 = 5*w + 5*u. Let d = -4 + w. Let z = d - 48. Calculate h(z).
-7
Let j be 600/(-76) + -3*(-20)/(-570). Let l(n) = -2*n**3 - 15*n**2 + 12*n + 4. Determine l(j).
-28
Let w = -30 + 33. Suppose j = -w*j + 16. Let f(c) = -1 - 2 + c**2 - j + 1 - 6*c. Determine f(5).
-11
Let f(w) = -w**3 - 10*w**2 - 10*w + 8. Suppose -6*x - 29*x + 1575 = 0. Suppose 126*c = 121*c - x. What is f(c)?
17
Let q = -116 - -112. Let o be 5 - 1/(q/(-8)). Let u(h) = -2*h - 4. Let f(m) = m + 3. Let n(a) = -5*f(a) - 4*u(a). What is n(o)?
10
Let h(g) be the first derivative of -g**4/4 + 7*g**3/3 - 11*g**2/2 + 156*g - 2443. Calculate h(8).
4
Suppose -9*j + 180 = -0*j. Suppose 16 = 4*h + j. Let k(z) be the third derivative of z**5/20 - z**3/6 - 2*z**2. Determine k(h).
2
Let x(s) = -s + 6. Let p = 65 + -103. Let r = p - -45. Suppose -r*z + 4*z - 24 = 0. Give x(z).
14
Suppose -361*q - 76 = -3013 + 410. Let c(z) be the second derivative of z**4/12 - 7*z**3/6 - 5*z**2 - 2*z. Give c(q).
-10
Let c(s) = 18 - s**2 + 4*s**2 - 1501*s + 1511*s - 2*s**2. Determine c(-10).
18
Suppose 6 - 1 = -5*h + 5*t, -5*h + 4 = 4*t. Let o be (3 - (-2 + h - 0))/1. Let w(b) = -o*b + 72 + b**2 - 37 + 2*b - 39. What is w(3)?
-4
Let f(c) be the third derivative of 3/8*c**4 + 2/3*c**3 + 86*c**2 + 0 + 0*c + 1/60*c**5. Suppose -2*x + 8 - 20 = 0. Give f(x).
-14
Let s(u) = -2*u**2 - 22 + 2*u**2 - 4*u**3 - 3*u + 10*u**2 + 5*u**3. Let o be s(-10). Suppose 4*z - o*z = 4. Let d(n) = 6*n**3 - n**2. Give d(z).
-7
Suppose 4*s + 6*w = 4*w - 20, 5*w = -s - 14. Let n(c) = 5 + 117*c + 112*c - 225*c - 12. Let q(p) = 3*p - 6. Let k(a) = -4*n(a) + 5*q(a). Calculate k(s).
2
Let w(t) = t**3 - 4*t**2 - 3*t + 4. Let j(i) = 7*i + 111. Let s be j(-18). Let f be (-69)/s + 24/60. Give w(f).
14
Let y = 5558 + -5562. Let t(m) = m**2 + 98*m + 377. What is t(y)?
1
Let o(s) = 5*s + 14. Let u(g) = -14*g - 43. Let y(q) = -7*o(q) - 2*u(q). Let j(l) = -13*l - 25. Let t(m) = -6*j(m) + 13*y(m). Give t(-4).
46
Let n(a) = 36*a**3 + a**2 - 3*a + 2. Let w = 2764 + -2763. Determine n(w).
36
Suppose -11*q + 8 = -7*q. Let m(o) = -34*o**2 - o**3 - 10 + o + q*o + 28*o**2. Determine m(-7).
18
Let t(w) = -2*w**3 - 3*w**2 + 9*w - 3. Suppose 0*u - 700 + 745 = 15*u. Give t(u).
-57
Let x be 2/(-10)*2 - 172/20. Let n = x + 2. Let k(d) = 5*d + 4. Let c(y) = y. Let p(z) = 6*c(z) - k(z). What is p(n)?
-11
Let j(q) = -3 + 3 + 2 - 3 - 15*q**2 - 2*q. Suppose 0*t - 3*t = -3*h, -5*h = 4*t - 27. Suppose -a + 0*k + k = -t, -3*a + 4*k = -13. What is j(a)?
-14
Let f(p) = 0 + 11 + p**2 - 4 - 9*p. Let m be f(7). Let h(a) be the first derivative of a**4/4 + 8*a**3/3 + 5*a**2/2 - 7*a + 31102. Calculate h(m).
7
Let q = 268 - 264. Suppose -2*m + 22 = q*o, -m + 1 = -2. Let y(j) = -2*j + 4. Calculate y(o).
-4
Suppose -2*z - 12 = -m, 8*z - 12*z - 6 = m. Suppose -w + 20 = -m*w, 5*v = 3*w + 12. Let i(g) = g**2 - g + 14. Determine i(v).
14
Let l(y) = -8*y**2 + 203*y + 48. Let x(j) = 6*j**2 - 157*j - 47. Let v(g) = 4*l(g) + 5*x(g). Determine v(10).
27
Suppose -4*f = f - t - 65, 3*f - 56 = 4*t. Suppose 3*m + f = m. Let x(p) = 5*p - 1. What is x(m)?
-31
Let k(u) = -u + 4. Let a(x) = -x**3 + 12*x**2 + 14*x + 20. Let t be a(13). Suppose t*c = 38*c + 3*q - 16, 3*q = 5*c - 4. Give k(c).
2
Let g(l) = -l**3 - 492*l**2 + 3492*l - 2. Let o be g(7). Let t(k) be the second derivative of k**5/20 + 2*k**4/3 - 5*k**3/3 + 3*k**2/2 - 2*k. Give t(o).
12
Let v(o) = -4*o**3 - 6*o**2 + 17*o - 13. Let x(h) = -11*h**3 - 18*h**2 + 50*h - 40. Let i(c) = -8*v(c) + 3*x(c). Give i(-8).
0
Let m(h) = h**3 + h**2 + 1. Let w(i) = i**3 - i**2 - 2*i + 6. Let y be ((-9 + 8)/(-3))/(2/6). Let d(n) = y*w(n) - 2*m(n). What is d(-4)?
28
Let w be 2*(2 - 3) - -3. Let u(z) = w + 0 - z + 0. Let k be (48/18 + -1)/((-13)/39). Give u(k).
6
Let k(i) be the second derivative of i**7/2520 - 7*i**6/720 - i**5/20 - i**4/3 - 83*i. Let q(j) be the third derivative of k(j). Calculate q(8).
2
Suppose -103 - 5 = 12*a. Let k(y) = y**2 + 8*y - 10. Determine k(a).
-1
Suppose -20 = 2*r - 4*r. Suppose -2*w - 2*w + r = -2*d, 4*w - 15 = d. Suppose -5*g - 10 = -w*n, 5*g = g + 2*n + 2. Let h(c) = c**2 - c - 1. Give h(g).
5
Let h(u) = -u**3 - 9*u**2 + 2*u + 9. Let g(q) = q**3 - 3*q**2 - q - 9. Suppose z + 12 = -3*a - 0, 3*z = 3*a + 12. Let d be g(z). Calculate h(d).
-9
Let f be 3 - (0 + 0 - (5 + -6)). Suppose 0*u = -f*u + 2*g, 0 = 3*u + 2*g - 10. Let r(q) = -3*q + 1 + u*q - 3*q + 6*q. Give r(-1).
-1
Let d = -11 + 8. Let j(l) = 840*l + 4. Let y(a) = -1469*a - 7. Let c(u) = 7*j(u) + 4*y(u). Calculate c(d).
-12
Suppose 2*o + 251 = n, 3*n = 2*n + 5*o + 239. Suppose -3*s = 5*h - n, 0*s - s + 83 = h. Let r = 84 - s. Let l(f) = -f**3 + 5*f**2 + 5*f + 6. Calculate l(r).
0
Let c(y) = y**3 + 6*y**2 + 4*y - 4. Suppose 0 = -19*o - 597 + 103. Let m be 66/(-99) - (-1)/6*o. Give c(m).
1
Let k(a) be the second derivative of -a**6/120 - a**5/15 + 7*a**3/6 - 305*a**2/2 - 11*a - 2. Let y(t) be the first derivative of k(t). Calculate y(-3).
-2
Let m(g) = 18*g**3 + 44*g**2 + 19*g - 18. Let i(v) = -17*v**3 - 41*v**2 - 18*v + 16. Let o(l) = -15*i(l) - 14*m(l). Determine o(-2).
-24
Let b(j) = j**2 - 13 + 10489*j**3 - 9*j**2 - 10488*j**3 + 9*j. What is b(7)?
1
Let s = 33 - 28. Let u = 43 - 43. Let b(o) = -6*o**2 - 4 + o**3 + 9*o + 2*o + u*o**2 - 4*o. Give b(s).
6
Suppose -i - 142 = -3*b - 120, -15 = -3*b. Let y(f) = -f**2 + 3*f + 68. Give y(i).
-2
Suppose -9*y = -y - 16. Suppose 2*b + 32 = 10*b. Suppose -y*l + r - 16 = -r, b = 2*l + 2*r. Let t(k) = -k**3 - 3*k**2 - 5*k - 2. What is t(l)?
13
Let b(a) = -a - 8. Let z(s) be the second der